 4483699766?
3
What is the hundred thousands digit of 42008299?
0
What is the hundred millions digit of 596256543?
5
What is the ten millions digit of 64579645?
6
What is the hundred thousands digit of 80133955?
1
What is the thousands digit of 48942144?
2
What is the thousands digit of 34651804?
1
What is the hundred thousands digit of 2786962199?
9
What is the millions digit of 3437682611?
7
What is the thousands digit of 384697328?
7
What is the millions digit of 14559351?
4
What is the thousands digit of 769721606?
1
What is the thousands digit of 234713149?
3
What is the hundreds digit of 76286062?
0
What is the ten thousands digit of 99997410?
9
What is the units digit of 1603770940?
0
What is the millions digit of 7860586?
7
What is the ten thousands digit of 105436177?
3
What is the hundred thousands digit of 267147541?
1
What is the ten thousands digit of 877166064?
6
What is the tens digit of 3865160903?
0
What is the millions digit of 8156297?
8
What is the billions digit of 1822405817?
1
What is the hundred millions digit of 232710352?
2
What is the ten millions digit of 32438107?
3
What is the ten millions digit of 355824579?
5
What is the thousands digit of 6475219?
5
What is the ten thousands digit of 17274536?
7
What is the millions digit of 1930226644?
0
What is the units digit of 870232609?
9
What is the tens digit of 56373531?
3
What is the millions digit of 423651573?
3
What is the hundred millions digit of 1405902049?
4
What is the hundred thousands digit of 51539873?
5
What is the hundreds digit of 41803301?
3
What is the hundred millions digit of 221085227?
2
What is the ten thousands digit of 400503696?
0
What is the ten thousands digit of 196888788?
8
What is the ten millions digit of 1578048215?
7
What is the thousands digit of 322134916?
4
What is the hundreds digit of 61503998?
9
What is the ten thousands digit of 89655547?
5
What is the hundred millions digit of 3487641975?
4
What is the thousands digit of 48714299?
4
What is the hundred thousands digit of 2281179742?
1
What is the hundreds digit of 30377929?
9
What is the ten thousands digit of 273398541?
9
What is the hundred millions digit of 2693001728?
6
What is the ten millions digit of 3489614339?
8
What is the ten thousands digit of 1282988229?
8
What is the ten millions digit of 739533250?
3
What is the hundred millions digit of 1899796514?
8
What is the millions digit of 344874187?
4
What is the thousands digit of 225138883?
8
What is the thousands digit of 531006098?
6
What is the thousands digit of 1114055141?
5
What is the thousands digit of 75349145?
9
What is the billions digit of 3875206659?
3
What is the hundred millions digit of 163019665?
1
What is the ten thousands digit of 73256580?
5
What is the hundreds digit of 753450467?
4
What is the ten thousands digit of 173224941?
2
What is the ten thousands digit of 87636617?
3
What is the billions digit of 3076075955?
3
What is the thousands digit of 31091978?
1
What is the millions digit of 146122112?
6
What is the thousands digit of 132299460?
9
What is the hundreds digit of 284938272?
2
What is the ten thousands digit of 118904903?
0
What is the units digit of 1998624339?
9
What is the millions digit of 40139941?
0
What is the thousands digit of 45345525?
5
What is the units digit of 26744433?
3
What is the units digit of 270268349?
9
What is the ten millions digit of 293108683?
9
What is the millions digit of 1491615491?
1
What is the tens digit of 84370203?
0
What is the hundreds digit of 50850431?
4
What is the millions digit of 71192249?
1
What is the hundred thousands digit of 434265874?
2
What is the tens digit of 63919454?
5
What is the tens digit of 8237150039?
3
What is the units digit of 7592702?
2
What is the millions digit of 1150107117?
0
What is the tens digit of 209918019?
1
What is the thousands digit of 97585535?
5
What is the hundred millions digit of 2479875640?
4
What is the thousands digit of 1119387307?
7
What is the hundred thousands digit of 379422852?
4
What is the units digit of 255189802?
2
What is the hundred millions digit of 207857302?
2
What is the tens digit of 1861152499?
9
What is the ten thousands digit of 274332053?
3
What is the thousands digit of 22288224?
8
What is the hundreds digit of 4536154701?
7
What is the tens digit of 570419367?
6
What is the ten millions digit of 33769199?
3
What is the millions digit of 461620170?
1
What is the hundreds digit of 864141517?
5
What is the hundred thousands digit of 4602615345?
6
What is the millions digit of 1057167886?
7
What is the units digit of 369165683?
3
What is the hundreds digit of 25113746?
7
What is the hundred thousands digit of 2981620509?
6
What is the ten millions digit of 411290269?
1
What is the hundreds digit of 68351029?
0
What is the units digit of 172682269?
9
What is the thousands digit of 9016948?
6
What is the tens digit of 535386495?
9
What is the units digit of 93476617?
7
What is the hundreds digit of 50950638?
6
What is the hundred millions digit of 2156136989?
1
What is the hundred thousands digit of 53979625?
9
What is the units digit of 62628019?
9
What is the units digit of 1545601466?
6
What is the hundred thousands digit of 1487015?
4
What is the ten millions digit of 1912458263?
1
What is the hundred millions digit of 228132853?
2
What is the tens digit of 342664111?
1
What is the hundreds digit of 1050695321?
3
What is the ten thousands digit of 151727861?
2
What is the hundred millions digit of 192821072?
1
What is the tens digit of 138152700?
0
What is the ten millions digit of 251346818?
5
What is the thousands digit of 44134945?
4
What is the ten thousands digit of 587219950?
1
What is the millions digit of 317282636?
7
What is the thousands digit of 3769655839?
5
What is the tens digit of 98552930?
3
What is the hundreds digit of 32898091?
0
What is the tens digit of 4942155?
5
What is the thousands digit of 308107426?
7
What is the hundred millions digit of 167122377?
1
What is the ten thousands digit of 278343288?
4
What is the thousands digit of 2503217448?
7
What is the hundreds digit of 208756667?
6
What is the hundred millions digit of 298028015?
2
What is the tens digit of 7203499667?
6
What is the ten thousands digit of 4929111966?
1
What is the thousands digit of 2461277505?
7
What is the tens digit of 86151422?
2
What is the tens digit of 85474603?
0
What is the ten millions digit of 802895295?
0
What is the tens digit of 611581782?
8
What is the millions digit of 29388549?
9
What is the units digit of 495908890?
0
What is the ten thousands digit of 470887239?
8
What is the billions digit of 1307887623?
1
What is the millions digit of 518277103?
8
What is the units digit of 486162291?
1
What is the hundreds digit of 934362968?
9
What is the ten millions digit of 1768094404?
6
What is the units digit of 866467049?
9
What is the hundred thousands digit of 49333278?
3
What is the billions digit of 7781663295?
7
What is the hundreds digit of 64258124?
1
What is the tens digit of 1465637032?
3
What is the millions digit of 484746992?
4
What is the thousands digit of 45821124?
1
What is the ten thousands digit of 1611922797?
2
What is the ten millions digit of 216336874?
1
What is the thousands digit of 481951533?
1
What is the units digit of 23548515?
5
What is the millions digit of 97286724?
7
What is the units digit of 19799447?
7
What is the ten thousands digit of 63665363?
6
What is the ten millions digit of 36858627?
3
What is the hundred millions digit of 1328273881?
3
What is the hundred thousands digit of 410049196?
0
What is the ten thousands digit of 13211141?
1
What is the hundred millions digit of 228085401?
2
What is the millions digit of 46267692?
6
What is the hundreds digit of 133507410?
4
What is the ten thousands digit of 1516128671?
2
What is the hundred thousands digit of 231300983?
3
What is the ten thousands digit of 405520136?
2
What is the hundreds digit of 6575031557?
5
What is the units digit of 2621352?
2
What is the units digit of 6025200132?
2
What is the millions digit of 59248271?
9
What is the hundred millions digit of 2029585978?
0
What is the hundreds digit of 1246166249?
2
What is the units digit of 518417681?
1
What is the hundreds d